5
Evaluate -199 + 211 - (6 - (-3 + 1 + 3)).
7
Evaluate -2 - (-14 + 20) - (-152 - (-18 + -16)).
110
-1 - -28 - (-16 + (-1 + 0 - -3) - -8)
33
63 + -100 - (5 + -1)
-41
What is the value of 0 - (-29 + -23 + 27)?
25
Calculate (1 + (13 - 1) + -6 - -11 - 16) + -5.
-3
17 - (0 + 29 - (13 - -44))
45
Evaluate 156 + -177 + 2 + 34 + 0 + -47.
-32
Calculate -13 + (-11 - (-16 + 3 - 13 - -2)).
0
Evaluate -45 - (-81 + -71 + 89).
18
What is 402 - 178 - 194 - (1 + 49)?
-20
Evaluate (1 - -6) + (3 - -46) + 48 + (-91 - -56).
69
Evaluate -1 + -16 + -65 + (108 - 27).
-1
Evaluate 22 + -30 + 47 + (7 - -1).
47
What is the value of (-11 + 23 - (1 - -16) - (-3 - 60)) + -7?
51
What is the value of (182 - 181) + (-32 - -4) + 16?
-11
(-28 + (20 - 4) - -20) + (-59 - (2 - 2))
-51
Evaluate -10 - (-25 + 14) - (-10 + 16).
-5
What is the value of -14 + (19 - 2) + -15 - -19 - (1 + -36)?
42
4 + 65 + (44 - (127 - 102))
88
Calculate -11 - (41 + (-10 + 3 - 13)).
-32
Evaluate 167 + -288 + (-26 - -157).
10
17 - (52 + (-97 - -83) + (2 - -10))
-33
-33 + (-74 - -114) - (53 + 4)
-50
Calculate 5 - ((-5 - (29 - 6 - (4 + -7))) + 4).
32
What is the value of -1 - 21 - ((-147 - (48 + -98)) + -40)?
115
81 - 0 - ((44 - 67) + 16 + 14)
74
Calculate -18 - ((9 - -22) + -3) - -2.
-44
44 + 42 - -9 - 41
54
What is 53 + -27 + 15 + 28 - 18?
51
What is -15 + (-76 - (-21 + 32 + -20))?
-82
Evaluate (-15 + (1 - -1) - -12) + 5 - 45.
-41
-40 - -12 - 20 - -89
41
What is the value of -83 + 66 + (76 - 13)?
46
11006 + -10993 + 52 + 1
66
What is the value of -5 - (15 + -20 + 7 - (2 - (-9 + -2)))?
6
What is the value of 23 + 8 + -13 + (-129 - -99)?
-12
Calculate 35 + 168 + -42 - 285.
-124
Calculate -1 + -5 + 39 + (12 - 7 - 6) + 10.
42
Calculate (-12 - -10) + -42 + 0 - -118.
74
What is 20 + 19 + -12 - (-105 + 58)?
74
What is the value of -6 + (20 - ((-18 - 27) + 26))?
33
-4 - 11 - (7 + 14 - 25)
-11
What is the value of -4 + (-3 - -9) - (31 + -7 - 10) - 15?
-27
Evaluate 6 + -3 - ((-14 - -16) + -13).
14
What is the value of -3 - -77 - (-85 + 2 + 93)?
64
Evaluate -66 - (-310 - -218) - (35 + -1).
-8
What is the value of 171 - 126 - (-2 - (-2 - 13))?
32
What is (-24 - (-35 + 12 - -10)) + (-13 + -5 - -27)?
-2
Calculate -88 + 42 + 70 - -5.
29
Calculate 39 + (-64 - -25) - 51.
-51
What is -1 + -7 + 2 + (6 - (-21 + 11 - -11))?
-1
Evaluate -86 - (-4 + -1 + -1 - (348 - 334)).
-66
Evaluate 17 + -2 - (41 - (-102 + 210)).
82
Evaluate -93 - (-61 + -100 + 49).
19
What is 8 + (12 + -98 - -12) + (5 - 10) - -6?
-65
Calculate (5 - 4) + (39 + -25 - (9 + 5 + -4)).
5
What is the value of 45 + (-1 - 17) + 5 - 10?
22
What is the value of -1 - -1 - 0 - 2 - 4 - (-5218 - -5222)?
-10
What is (-85 - -52) + (-15 - -106)?
58
What is the value of 1 + 149 - (-7398 + 7579)?
-31
What is 6 - ((376 - 373) + -39 + 1)?
41
Evaluate (-107 - -24) + 63 + (-1 - -18) + 11 + -1.
7
What is the value of 20 + -70 + 4 + 31?
-15
4 + 5 + 3 + -1 + -10 - -8 - 72
-63
(1 - -33) + (-27 - -30 - (-7 + -2))
46
What is the value of (-1 - (9 - 6)) + (66 - 18) + 21?
65
-64 - ((0 - -9) + -2 - (-14 + -8 - -34))
-59
Calculate -3 - 15 - -6 - (1 + -7 - (-1 - 3)).
-10
Evaluate -53 + (80 - 51) + 63.
39
What is -66 + (51 - 39) - -72?
18
-43 - (-29 + 79 + -62)
-31
Evaluate 356 + -364 + (1 + (1 - 37) - -1) + 1.
-41
Evaluate 260 + -259 + -6 + (3 - 1) + -3.
-6
2 + 115 - (-2041 - -2082)
76
What is the value of 601 - 617 - (-4 - (-10 + -3))?
-25
What is the value of -22 + (-8 - -23) + 39?
32
What is the value of 1 + (-85 - (5 + (1 + -13 - -6))) + 5?
-78
What is the value of 0 - 51 - (3231 - 3298)?
16
What is the value of (49 - (27 + 76)) + 55?
1
-18 + 3 + (-15 + 0 - (28 + -36 - 6))
-16
Evaluate -63 + 86 - 114 - -51.
-40
What is the value of -13 + 1 + (29 - (-4 + 8) - 36)?
-23
1 + -43 - (13 + (-22 - (-21 - -6)))
-48
What is the value of 66 + (1 - 24 - (0 + 2))?
41
Evaluate 45 + -94 + 31 + -3.
-21
Calculate 800 + -803 + (-46 - -2).
-47
(33 + -10 - 2) + (73 - 69)
25
Calculate 302 + (47 - 330) - (1 + 47).
-29
What is 1 - (10 + -6 + 12 + 47)?
-62
Evaluate 25 + 23 - 63 - -101.
86
What is (-4 - (-3 + 3)) + (2 - 3) - 26 - -7?
-24
Evaluate (282 - 280) + (1 - 57 - 1) - (-8 - -1).
-48
(-8 - 10) + (-1 - 0 - (-14 + 6))
-11
What is the value of -1 + (17 - -2) + -20 + (-5 - 2) + 26?
17
What is the value of 5 - (0 + 32 + -20 + -17)?
10
Calculate -11 + (20 + 0 - (-124 - -148)).
-15
What is the value of -146 + 126 - (0 + 21)?
-41
What is the value of 23 + -1 + -10 + -73 + (-7 - -15)?
-53
What is (19 + -9 - 1 - 4) + (-12 - 2) + -2?
-11
Calculate (-2 - 2) + -6 + (-7 - 38) + (-67 - -57).
-65
Calculate (68 - (157 - 78)) + (-3 + -1 - 73).
-88
What is -41 - 19 - (1 - 6) - (54 + -54)?
-55
Evaluate (-7 - -1) + (-35 - ((-62 - -114) + -94)).
1
What is the value of (14 - 0) + 7 + 8?
29
Calculate -3 + (-33 - (1 + 6 - (-2 - (19 + -33)))).
-31
Calculate 10 - (7 - (-37 - -52)).
18
Calculate 0 + -1 + -13 + (-6 + 35 - 34).
-19
What is the value of 11 + 2 - -2 - (212 + -67) - (7 + -1)?
-136
25 - ((8 - (34 - 16) - -1) + 25)
9
Evaluate -47 - (-123 + 128 + -22 + -1 + 14).
-43
What is (-3450 - -3446) + -36 + -1?
-41
Calculate -2 - (1 - 97) - (23 + 29 + -56 - 3).
101
What is (9 - 18 - (-21 + (0 - -2) + -8)) + 1?
19
Evaluate -363 + 506 + (7 + -3 + -6 - (6 + -6)).
141
What is 371 - 396 - (-35 + 0)?
10
75 + (63 - 54) + (-2 - 0 - (-1 + 0))
83
What is the value of 30 - (13 - 4 - (14 + 0) - -7)?
28
What is (-5 + -50 - -1) + 4 + -24 + 23?
-51
What is the value of (73 - 48) + (17 - 88)?
-46
82 - -1 - ((80 - 41) + -58 - (-28 + -1))
73
What is the value of 71 + -301 - (52 - 182)?
-100
Evaluate 1 + 12 + (0 + -1 - (-30 - -31) - -9).
20
What is the value of -10944 + 10996 + -161 + -2?
-111
What is (-6 - 1 - (-15 - (-12 + -6))) + -5 + 29?
14
What is 30 - -1 - (-3338 - -3427)?
-58
(5 - 12) + 10 - 14 - (11 + -26)
4
242 - 250 - (1 + 3 + -27 + 3) - -18
30
What is (-12 - -8) + -2 + -1 + 15 + 16?
24
What is (-1 - -74) + (13773 - 13903)?
-57
(-68 - 1) + (177 - (386 + -246))
-32
-51 + (16 - (-99 + 23))
41
-103 - (-218 - -123) - (2 + 0 - 37)
27
Calculate -89 - (81 - 110) - 36.
-96
Evaluate (3 - (1 - (-15 - -1))) + (-133 - -123).
-22
What is the value of 8 + 32 + -46 + -2?
-8
What is 1 + 16 + (137 - (-61 + 147))?
68
What is the value of 5 - -18 - (-77 + (57 - 79))?
122
Evaluate 104 + -38 + 3 + 0 - (-3 - -18).
54
Calculate ((16 - 31) + 47 - 47) + -101.
-116
What is the value of -2 - ((-10 - 4 - 13) + 63)?
-38
(-206 - -180 - (-1 - 0)) + -11
-36
What is the value of (19 + 10 - 35) + -2 + 20 - 43?
-31
What is 72 + -1 + (-902 - -884)?
53
-14 + (-20 - -6 - -27 - 18 - -35) + -58
-42
Evaluate (40 - 0 - (697 + -665)) + -37.
-29
What is the value of (2 - 8) + (-41 - (77 - 84))?
-40
What is the value of (-120 - -44 - -14) + 36 - -71?
45
0 + -21 - (216 + (-325 - -34))
54
Evaluate 22 - (-1 - (-68 - 17)).
-62
Evaluate (-22 - 0) + (4360 - 4328).
10
What is the value of -10 + 19 + -35 + 17 + 34 + 3 + -8?
20
Calculate 16 - ((11 - 81 - -27) + 4 + 12).
43
What is -12 + 41 - 6 - (-15 - (-9 + 5))?
34
Calculate 5 + (14 - (10 - 4)) + -71 + 105.
47
-94 + (-11 - (-79 + -6))
-20
Evaluate -31 - -25 - (-6 + (14 - 2) + -3) - -50.
41
Calculate -7 + 2 - -4 - -9 - (1 - 21).
28
Evaluate 20 + 27 + 25 + -46 + -69.
-43
What is -22 + 0 - ((2 - 14) + 6 - 5) - -52?
41
What is the value of 15 - 11 - 12 - (12 - (-9 + 71))?
42
Evaluate 12 + (27 - 42) + -50.
-53
-1 - 1 - -2 - (-4176 + 4215)
-39
What is (-259 - -207) + (25 - (-1 + 1))?
-27
Calculate (0 - -24) + (-689 - -716) - (-8 + 3).
56
Calculate -8 + -53 + (16 - (-8 + 3)).
-40
Evaluate 9 + (2 - 4 - (-2 + 22 + -9)) - 39.
-43
Evaluate -37 + (34 - 37) + 31 - ((-1 - 64) + -1).
57
-13 + (-1 + 62 - (-22 + -27 + 58))
39
1 + (-3 - 23) + 34 - (20 + 0)
-11
What is the value of (-98 - 3 - 3) + (2407 - 2392)?
-89
What is the value of -1 - (-51 + (7 - 13 - 7) + 5)?
58
What is 26 + (-14 + -19 + -2 - -16) - -60?
67
Evaluate (1 - 10) + (4 + (-5 - -17 - 30) - -45).
22
Evaluate -54 + -27 + 59 + 14 + 1 - (-73 - 1).
67
Calculate (0 + 1 - (49 + -55 + 33)) + -6 + 2.
-30
Calculate (135 - (43 + -43 + 32)) + 12.
115
Evaluate -3 - (-7 - -7) - (4 + (-35 - 13)).
41
-3 + 17 - (-26 - ((2 - -7) + 4))
53
What is the value of -32 + -27 + 15 + 52?
8
What is the value of (-190 - -184) + (11 - -34)?
39
8 + -6 + -8 + 8 - (40 - (10 - 10))
-38
Calculate (2 - 1) + (0 + -5 - -33 - (71 - 